2, 5
Suppose 0 = -2*d - 3*d - 4*v - 31, -2*d - 2 = -v. Let c be (1 + 2)*(-4)/d. Suppose c*g - 65 = -g. List the prime factors of g.
13
Suppose -p - 2*p = -3, 3*p = 4*v - 1. What are the prime factors of 42/(-24)*(v + -5)?
7
Suppose 2*l - 4 = 4*l. Let n be 0 - (-1 - 6 - l). Suppose n*a - 3*a - 4 = b, 23 = 5*a + 4*b. What are the prime factors of a?
3
Let c be 4/(-14) - 23/(-7). Suppose 5*k - c = -y + 21, -k = y - 8. What are the prime factors of y?
2
Let y(o) = -o**3 + 7*o**2 - 4*o - 12. Let u be y(6). Suppose u*w + 4*w = 36. List the prime factors of w.
3
Let p(i) be the second derivative of i**4/12 + 5*i**3/3 + 7*i**2/2 + 4*i. List the prime factors of p(-10).
7
Let k(b) = -b**3 - 5*b**2 - 6*b - 17. What are the prime factors of k(-6)?
5, 11
Suppose 5*z + 165 = 5*l, -5*l = -0*l + 5*z - 185. What are the prime factors of l?
5, 7
Suppose 5*u - 15*u + 240 = 0. List the prime factors of u.
2, 3
Let s(u) = -17*u - 5. Let r(x) = -x**2 - x. Let c be r(-2). What are the prime factors of s(c)?
29
Let d(r) = -r**2 + 6*r. What are the prime factors of d(3)?
3
Suppose 5*v + 1 + 4 = 0. Let r be v*(0 + -1 + -4). Suppose 3*z - 26 = -r. List the prime factors of z.
7
Suppose 5*q - 9 = -5*k + 11, -31 = -4*q - k. Suppose 19 = 4*m - q. What are the prime factors of m?
7
Suppose -350 = 4*s - a, -4*a - 166 = s + s. Let o = 55 + s. Let q = 48 + o. What are the prime factors of q?
2
List the prime factors of 0 + 3/(-12) + 819/12.
2, 17
Let j be 3/1 + (12 - 38). Suppose -2*x - x + 105 = 0. Let w = x + j. What are the prime factors of w?
2, 3
Let j(z) = -3*z - 1. Let d be j(-3). Let l = -5 + d. Suppose -l*k + 5*k = 10. What are the prime factors of k?
5
Suppose -3*u + 7 = -2*b + 18, -b = 3*u - 1. Suppose 29 = 3*h - 5*g, -5*h = g - b - 7. List the prime factors of h.
3
List the prime factors of (2/(-7) + (-34)/28)*-162.
3
Suppose 0 = 9*k - 5*k - 16. List the prime factors of k.
2
Let n be 2/(-6) - (-20)/6. List the prime factors of n/(((-42)/52)/(-7)).
2, 13
Let u be (3/4)/(2/32). Suppose 5*t - 2*t = 60. Let h = t - u. What are the prime factors of h?
2
Let p be (-9)/27 + (-169)/(-3). Let d = p - 40. What are the prime factors of d?
2
Let p(b) = b + 5. Let d(y) = y + 5. Let j be d(-5). Let f be p(j). Suppose -13 - f = -3*q. What are the prime factors of q?
2, 3
Let o be 4*1 + (2 - 4). Suppose a - 3*k + 4 = o*k, -3*a + 5*k = -18. List the prime factors of a.
11
Let z = 173 + -72. Suppose -5*g - z = 24. Let w = 35 + g. What are the prime factors of w?
2, 5
Suppose 0 = -2*x + 4*x - 36. List the prime factors of x.
2, 3
Let p(o) = -o**3 + 4*o**2 + o + 2. Let u be p(5). Suppose -15 = 5*t, -3*k + 5*t = 2*t - 99. Let j = k + u. List the prime factors of j.
2, 3
Let d(q) = 2*q**2 - 7*q + 5. List the prime factors of d(4).
3
Let w be 1*(0/2)/1. Suppose -2*t - 5*b = -6, -2*b = -3*t + 3*b + 34. Let f = t - w. List the prime factors of f.
2
Let c(d) be the third derivative of d**4/24 + 5*d**3/3 + d**2. Let y be -1 - (-7 - 0)/(-1). List the prime factors of c(y).
2
Suppose 4*i - 75 = 13. List the prime factors of (i/8)/(2/16).
2, 11
Suppose -8*b + 2109 = -571. List the prime factors of b.
5, 67
Suppose -x + 3*x - 8 = 0. Suppose 0 = 4*b - 4*q + 1 - 21, -3*q - 23 = -x*b. What are the prime factors of b?
2
Let b(v) = -3*v + 1. Let c be b(2). Let k(a) = a + 6. Let n be k(c). List the prime factors of (n/(-1))/((-3)/36).
2, 3
Suppose 0 = 4*i + 3*h - 42, 3*h + 66 - 24 = 3*i. Suppose 3*u + 3*y = 111, -u + 74 = -4*y + i. List the prime factors of u.
2, 3, 7
Let i = 0 + 28. Suppose -4*z - 1 = -3*z, 3*z = -3*c - 27. Let n = i + c. What are the prime factors of n?
2, 5
Suppose -f - 3*l - 73 = -2*f, 0 = -4*f + 2*l + 242. Suppose -2*a + 45 = -3*s + 15, -4*a + f = -5*s. List the prime factors of a.
2, 3
Let w be ((-2)/3)/(6/(-144)). Suppose 0 = 4*v - 0 - w. Suppose -5*m + v*m = -23. List the prime factors of m.
23
Suppose 5*o + 2 - 12 = 0. Suppose -6 = -o*u + 22. List the prime factors of u.
2, 7
Let s be 20/3 - (-2)/6. Suppose 2 = 2*x - 24. Let m = x - s. What are the prime factors of m?
2, 3
Let c(q) = 17*q**2 - q + 3. Let u(o) = o**2 + 1. Let r(k) = c(k) - 4*u(k). What are the prime factors of r(-2)?
53
Let l be ((-1)/2)/(1/(-10)). Let s = l + -7. Let j = s - -4. List the prime factors of j.
2
List the prime factors of 9/6*348/9.
2, 29
Let f = 258 + -153. What are the prime factors of f?
3, 5, 7
Let o = 12 - 8. Suppose w = o*w - 12. What are the prime factors of w?
2
Suppose y - 8 = -1. Let i = -1 + 3. Let w = y - i. List the prime factors of w.
5
Suppose 5*l + 5*j = -100, l - 3*j - 39 = 3*l. What are the prime factors of 6/l - (-762)/21?
2, 3
Suppose -2*i - f = 16, -2*i + i + 5*f = 19. Let d be (21/i)/((-2)/6). Suppose u + 1 = d. What are the prime factors of u?
2, 3
Let u = 192 - 276. Let d = u + 132. What are the prime factors of d?
2, 3
Let w be 1250/22 - 4/(-22). Suppose -m = 2*m - w. Suppose a + m = 3*j - 3, a + 15 = 2*j. List the prime factors of j.
7
Let u be (20/(-15))/((-2)/(-3)). Let s = u + 5. Suppose s*g - 28 + 7 = 0. List the prime factors of g.
7
Let h = -5 - -4. Let r be (h - -2) + (-25)/(-5). Let n = r - -2. List the prime factors of n.
2
Let t(o) = o**3 - 10*o**2 - o + 14. Let n be t(10). Let u = n - 0. What are the prime factors of u?
2
What are the prime factors of (-6)/(-21) + 47/7?
7
Suppose 0 = -5*v + 12*v - 679. List the prime factors of v.
97
Suppose -2*h + 509 = -47. List the prime factors of h.
2, 139
Let k = -2 + -1. Let z = 1 - k. Suppose 4*s - 16 = 0, -o + 2*s + 12 = z*o. List the prime factors of o.
2
Suppose -4*o + 12 + 0 = 0. Suppose o - 7 = 4*c. List the prime factors of (c + -2 + -17)/(-2).
2, 5
Suppose 90 = 5*t + 20. What are the prime factors of 1 + -1 + t + -6?
2
Let x(o) = 11*o**2 + 9*o + 3. Let p(n) = 4*n**2 + 3*n + 1. Let q(g) = -7*p(g) + 2*x(g). Let j be q(3). List the prime factors of j/(-12)*1*3.
2
Let g(n) = n**3 - 5*n**2 - n**2 - 6*n - 3*n - 3. Let m(u) = -3*u**3 + 18*u**2 + 26*u + 8. Let t(o) = -8*g(o) - 3*m(o). List the prime factors of t(7).
7
Suppose 5*v + 0*v = 3*q + 22, -2*v + 24 = -5*q. Let m be 3 + 0 + v + 1. Suppose s - 2*s = -m. List the prime factors of s.
2, 3
Let y = 6 + -6. List the prime factors of -7 - -5 - (-13 - y).
11
Let y(r) be the second derivative of r**5/20 + 7*r**4/12 - r**3/2 - r**2 - 4*r. What are the prime factors of y(-7)?
19
Let h be (-111)/(-3) - (-2 - 1). Suppose 5*f = c + 29, 3*c + h = 4*f - 2*c. Suppose f*t - 33 = 3*v + v, -t = -2*v - 3. What are the prime factors of t?
3
Suppose 78 = -j + 4*j. Let h = -16 + j. List the prime factors of h.
2, 5
Let i be 0/(-1) + 2 + -1. Suppose -k = i - 6. What are the prime factors of k?
5
Suppose 9*d - 305 = 424. What are the prime factors of d?
3
Suppose -l + 3*l = 74. List the prime factors of l.
37
Suppose -5*k + 20 = 5*o, 4*o + 20 = 2*k + 3*k. Suppose -18 = -6*w + k*w. What are the prime factors of w?
3
List the prime factors of (-2)/(-5) + 1 + (-1892)/(-20).
2, 3
Let w(g) = -g + 3. Let l be w(3). Suppose 8*q - 4*q - 156 = l. List the prime factors of q.
3, 13
What are the prime factors of (-1 + 50 + 1)/(-5 + 6)?
2, 5
Let g(w) = 37*w**2 + 2*w + 1. What are the prime factors of g(-1)?
2, 3
Let a be 8/(-12) + 7/(-3). List the prime factors of (-8)/a + (-6)/9.
2
What are the prime factors of ((-528)/9)/((-28)/12 + 2)?
2, 11
Let z be (-1)/4*(-1 + -3). Let f(j) = 6*j**3 - j**2. Let r be f(z). What are the prime factors of ((-32)/10)/((-2)/r)?
2
Let o(j) = j**2 - 2*j + 4. What are the prime factors of o(5)?
19
Let p = 376 + -229. List the prime factors of p.
3, 7
Suppose -18*y + 10*y + 992 = 0. What are the prime factors of y?
2, 31
Let o(c) = -c**2 + 2. Let j be o(0). Let a be -2*((-1)/(-2) + j). Let h(w) = -w**3 - 5*w**2 - w - 2. What are the prime factors of h(a)?
3
Let k = 69 - 17. List the prime factors of k.
2, 13
Let d(m) = 4*m**2 - 7*m + 10. What are the prime factors of d(4)?
2, 23
Suppose -16*t - 701 = -3181. What are the prime factors of t?
5, 31
Suppose -2*a + 16 = 3*p, -p - 2*a = -0*p - 8. Suppose -t = p*t - 70. List the prime factors of t.
2, 7
Let h(k) = -k**3 - 2*k**2 + 14*k + 7. Let i(s) = s**2 + s - 1. Let w(b) = h(b) - 5*i(b). Let j be w(-8). Let c = j - -9. What are the prime factors of c?
13
Suppose -15 = -6*q + 2*q - 3*a, 5*q - 13 = 2*a. Suppose -j + q*